39. What is f(0)?
-539
Let w(z) = 3*z**2 - 30*z - 36. Give w(12).
36
Let q(r) = 56*r**2 + 2*r - 24. Determine q(-3).
474
Let g(c) = -c**2 - 39*c - 93. Give g(-36).
15
Let d(j) = -8*j + 95. What is d(-9)?
167
Let b(j) = -j**3 - 93*j**2 + 190*j + 9. Give b(-95).
9
Let w(s) = -s**2 + 3*s + 197. Give w(13).
67
Let m(c) = 27*c**2 + 6*c - 1. What is m(-3)?
224
Let z(w) = -6*w**2 + 47*w + 3. Give z(8).
-5
Let p(l) = -32*l**2 + 16*l - 21. What is p(-4)?
-597
Let n(m) = -2*m**3 - 11*m**2 - 60*m - 91. Determine n(-2).
1
Let c(f) = -f**3 - 11*f**2 - 21*f + 55. Give c(-6).
1
Let t(q) = -q**2 - 21*q + 59. Determine t(-25).
-41
Let p(d) = -d**2 + 27*d + 71. Give p(28).
43
Let k(n) = 2*n**3 + 65*n**2 - 48*n - 506. Give k(-33).
-11
Let s(g) = -15*g**2 - 1550*g - 511. Give s(-103).
4
Let r(f) = -58*f - 74. What is r(-2)?
42
Let c(y) = 2*y**3 - 24*y**2 - 5*y + 31. Determine c(11).
-266
Let v(i) = 68*i**2 + 350*i + 6. Give v(-5).
-44
Let f(k) = 2*k**3 + 20*k**2 + 60*k + 389. Calculate f(-9).
11
Let q(p) = 470*p + 2338. Calculate q(-5).
-12
Let p(o) = 10*o**2 - 41*o + 77. Give p(5).
122
Let v(o) = -143*o - 846. Determine v(-5).
-131
Let o(v) = -v**2 - 99*v - 2409. Give o(-68).
-301
Let l(b) = 29*b**3 - 2*b**2 + 2. Determine l(1).
29
Let z(p) = p**3 + 47*p**2 + 114*p + 3107. Calculate z(-46).
-21
Let s(u) = -u**3 - 16*u**2 - 48*u + 24. Determine s(-11).
-53
Let b(d) = d**3 + 6*d**2 - 146*d - 194. Give b(-15).
-29
Let u(o) = 86*o + 493. Give u(-7).
-109
Let j(q) = q**3 + 23*q**2 + 6*q - 6. Calculate j(-23).
-144
Let z(o) = o**3 - 12*o**2 + 12*o - 35. Determine z(8).
-195
Let k(p) = -2792*p - 22263. Give k(-8).
73
Let q(x) = 2*x**3 + 15*x**2 + 16*x - 10. What is q(-6)?
2
Let a(c) = -2*c**2 - 7*c + 7. Determine a(-2).
13
Let t(l) = 172*l**2 + 1383*l - 28. What is t(-8)?
-84
Let y(f) = -17*f**2 + 2049*f - 1072. What is y(120)?
8
Let x(q) = -1242*q + 6223. Give x(5).
13
Let y(v) = -v**3 + 13*v**2 + 35*v - 79. What is y(15)?
-4
Let f(w) = 10*w + 330. What is f(-28)?
50
Let h(g) = g**3 - 10*g**2 - 199*g - 615. Determine h(-5).
5
Let n(y) = 84*y**2 - 29*y + 2. Calculate n(1).
57
Let l(d) = -d**2 - 7*d + 238. What is l(0)?
238
Let c(m) = -m**2 + 7*m + 26. Calculate c(3).
38
Let a(r) = -r**2 + 11*r + 37. Calculate a(15).
-23
Let b(o) = -o**3 + 4*o**2 + 12*o + 9. What is b(9)?
-288
Let u(w) = 3*w**2 - 57*w + 131. Determine u(20).
191
Let g(w) = -38*w - 440. What is g(-10)?
-60
Let t(b) = 2673*b - 26733. Determine t(10).
-3
Let f(z) = 3*z**3 + 108*z**2 + 207*z - 19. What is f(-2)?
-25
Let i(w) = w**3 - 3*w**2 - 119*w - 9. Calculate i(-8).
239
Let c(d) = 3*d**2 + 115*d + 326. Determine c(-3).
8
Let d(j) = -j**2 + 71*j - 555. Determine d(57).
243
Let w(y) = -1352*y - 8107. Calculate w(-6).
5
Let n(f) = -56*f - 914. Give n(-12).
-242
Let x(d) = -d**3 - 23*d**2 + 101*d + 595. Calculate x(-26).
-3
Let y(x) = -2*x**2 + 18*x - 45. Calculate y(6).
-9
Let d(x) = -436*x - 2227. Calculate d(-5).
-47
Let p(y) = 107*y - 2358. Give p(22).
-4
Let b(u) = u**3 + 15*u**2 + 59*u + 699. Calculate b(-14).
69
Let l(x) = -5*x**2 + 15*x + 22. Calculate l(4).
2
Let h(j) = 18*j - 271. Give h(14).
-19
Let o(n) = -n**3 - 10*n**2 + 33*n + 113. Calculate o(-12).
5
Let u(v) = 60*v - 3298. Calculate u(55).
2
Let v(o) = 26*o**3 + 41*o**2 - 39*o - 4. Calculate v(1).
24
Let p(n) = 8*n + 109. Give p(-13).
5
Let o(n) = n**3 - 22*n**2 - 5*n + 106. What is o(22)?
-4
Let p(z) = z**3 - 134*z**2 - 207*z + 9713. Calculate p(135).
-7
Let q(s) = 11*s + 84. Determine q(2).
106
Let y(d) = 7*d**2 + 407*d - 15208. Calculate y(-84).
-4
Let p(w) = -w**3 - 2*w**2 + 68*w + 51. Give p(-8).
-109
Let w(l) = -2420*l + 19378. Give w(8).
18
Let a(p) = -3*p**2 - 327*p - 329. Calculate a(-108).
-5
Let k(x) = -49*x + 242. What is k(5)?
-3
Let b(a) = a**3 + 9*a**2 + 10*a + 1. Calculate b(-7).
29
Let n(p) = 30*p**2 - 70*p + 8. What is n(6)?
668
Let o(q) = 1480*q - 79915. Determine o(54).
5
Let o(d) = 3*d**3 + 71*d**2 + 46*d + 13. Determine o(-23).
13
Let b(u) = 17*u - 742. What is b(22)?
-368
Let k(m) = -9*m**3 + 4*m**2 + 12*m - 49. Give k(3).
-220
Let z(x) = -x**2 + 3*x - 20. Calculate z(7).
-48
Let t(u) = 15*u**3 - 107*u**2 + 14*u - 22. Determine t(7).
-22
Let j(b) = -72*b - 2884. Calculate j(-40).
-4
Let m(s) = -s**3 - 24*s**2 + 6*s - 413. Calculate m(-25).
62
Let d(s) = s**2 - 54*s + 631. Calculate d(37).
2
Let i(h) = 30*h + 1965. What is i(-62)?
105
Let c(g) = -g**3 - 63*g**2 - 185*g - 276. Give c(-60).
24
Let s(j) = -54*j + 725. Give s(10).
185
Let i(q) = -q**3 - 14*q**2 + 7*q + 125. What is i(-14)?
27
Let i(o) = -o**3 + 36*o**2 - 56*o - 110. Give i(34).
298
Let j(i) = 3*i**2 - 2*i - 10. Calculate j(-2).
6
Let s(o) = -2*o**2 + 26*o - 28. Calculate s(12).
-4
Let t(o) = -2*o**3 - 49*o**2 - 244*o - 133. Give t(-6).
-1
Let f(i) = i**3 - 3*i**2 - 425*i + 2432. Determine f(6).
-10
Let n(t) = 24*t**2 - 81*t + 159. Determine n(2).
93
Let b(u) = 7*u**3 + 60*u**2 - 38*u - 103. Determine b(-9).
-4
Let t(r) = 3*r**2 - 92*r + 379. Calculate t(26).
15
Let s(v) = 26*v**2 + 20*v + 15. Calculate s(-2).
79
Let f(p) = -30*p - 169. Give f(-6).
11
Let m(k) = 36*k**2 + 330*k + 25. Give m(-9).
-29
Let i(a) = 329*a**2 - 12175*a + 54. Calculate i(37).
-20
Let a(m) = -m**3 + 43*m**2 + 191*m - 141. What is a(47)?
0
Let a(r) = r**2 + 228*r + 2186. Give a(-10).
6
Let w(r) = r**3 - 4*r**2 + 11*r + 42. Give w(-5).
-238
Let k(z) = 6*z**2 + 45*z - 202. Calculate k(6).
284
Let f(j) = -379*j - 1945. Determine f(-5).
-50
Let i(x) = -5*x**3 - 3*x**2 + 3*x + 9. Give i(3).
-144
Let m(t) = -15931*t - 31863. Give m(-2).
-1
Let r(p) = -245*p**2 - 10*p + 11. Determine r(1).
-244
Let i(a) = -4*a - 35. Determine i(-14).
21
Let r(h) = h - 22. Determine r(-21).
-43
Let o(i) = i**3 - 15*i**2 - 36*i + 9. What is o(-3)?
-45
Let f(s) = -9*s**2 - 153*s - 12. What is f(-17)?
-12
Let x(h) = -h**3 - 3*h**2 - 83*h - 580. Give x(-6).
26
Let j(d) = 2*d**2 - 50*d + 432. Determine j(11).
124
Let y(s) = -62*s**2 - 27*s - 3. Calculate y(-2).
-197
Let t(a) = a**2 - 39*a - 225. Calculate t(-5).
-5
Let w(z) = 6*z**3 - 574*z**2 - 182*z - 44. Give w(96).
916
Let s(k) = -k**2 - 436*k + 6788. Calculate s(15).
23
Let u(y) = 2*y**2 - 24*y + 33. What is u(7)?
-37
Let v(z) = -24*z + 1469. Calculate v(59).
53
Let n(f) = 2*f**3 - 29*f**2 - 3*f - 11. Determine n(15).
169
Let x(g) = 1962*g**2 + 13734*g - 10. Determine x(-7).
-10
Let h(a) = -a**2 - 9*a + 42. Give h(-13).
-10
Let r(l) = -344*l + 52270. Determine r(152).
-18
Let b(r) = -522*r - 2547. Determine b(-5).
63
Let m(k) = k**2 + 71*k + 549. What is m(-9)?
-9
Let r(s) = -s**3 - 20*s**2 + 97*s + 17. Give r(-24).
-7
Let t(g) = g**3 - 23*g**2 + 127*g - 1794. Give t(21).
-9
Let h(g) = 18*g**2 - 4195*g + 246. Give h(233).
13
Let z(d) = 5*d - 110. Give z(15).
-35
Let a(l) = -20*l + 88. What is a(15)?
-212
Let u(d) = -d**3 + 24*d**2 + 288*d + 291. Determine u(33).
-6
Let o(v) = 68*v - 1075. Calculate o(16).
13
Let z(g) = 2*g**3 - 396*g**2 - 395*g - 615. Calculate z(199).
-18
Let u(f) = f**3 - 39*f**2 - 130*f + 146. Give u(42).
-22
Let g(c) = 2*c**3 - 280*c**2 - 281*c - 139. Give g(141).
2
Let r(c) = 32*c + 81. What is r(-3)?
-15
Let a(x) = -13*x + 9. Calculate a(5).
-56
Let g(o) = o**3 - 34*o**2 + 35*o - 79. Give g(33).
-13
Let s(z) = -3*z**3 - 74*z**2 + 24*z - 70. Give s(-25).
-45
Let r(v) = 2*v**2 + 40*v - 39. Determine r(-24).
153
Let c(q) = q**3 - 11*q**2 - 11*q - 71. Give c(11).
-192
Let x(i) = -i**2 + 73*i + 1041. Determine x(-13).
-77
Let n(q) = -q**3 - 7*q**2 + 14*q + 24. Determine n(-8).
-24
Let b(f) = -f**3 - 16*f**2 - 12*f + 75. Calculate b(-11).
-398
Let p(z) = 134*z + 3732. Calculate p(-28).
-20
Let f(n) = -n**2 + 56. Calculate f(8).
-8
Let l(q) = -q**2 - 14*q - 4. What is l(-6)?
44
Let d(o) = 136*o**2 - 406*o + 3. Give d(3).
9
Let s(y) = -y**3 + 106*y**2 - 359*y + 26677. What is s(105)?
7
Let s(c) = c**2 - 21*c - 116. What is s(20)?
-136
Let s(d) = d**3 + 172*d**2 + 517*d - 4. Determine s(-3).
-34
Let t(d) = 2*d**3 + 6*d**2 - 12*d - 32. Calculate t(-3).
4
Let o(l) = -l**2 + 25*l + 341. Determine o(-19).
-495
Let d(f) = 129*f - 5802. Calculate d(45).
3
Let t(b) = -b**3 - 16*b**2 - 11*b - 40. What is t(-15)?
-100
Let u(w) = -7*w**2 - 7*w - 8. Determine u(-4).
-92
Let p(z) = 12*z + 151. What is p(-6)?
79
Let w(h) = 106*h - 2692. Calculate w(26)